 the highest common factor of w and 7?
7
Let b(s) = -27*s - 134. Let a be b(-5). Calculate the greatest common divisor of a and 173.
1
Let d = -508 - -620. What is the highest common divisor of d and 48?
16
Let a(h) = -2*h**2 + 20*h + 6. Let d be a(7). Let i = 0 + -2. Let m be 2 + -2 - (-14 - i). Calculate the greatest common factor of m and d.
12
Suppose -4*k + 40 = -b, 2*k - 21 = 3*b - 11. Calculate the highest common factor of k and 88.
11
Let j = -116 - -69. Let x = -41 - j. What is the greatest common factor of x and 4?
2
Let u be (-4)/((-4)/3) - 1. Let p be (3 + -12)*1/(-3). Suppose -4*q = -p*r - 9, -r + 5*q = -0*r + 14. Calculate the highest common factor of r and u.
1
Suppose -27*p + 640 = -17*p. What is the greatest common divisor of p and 8?
8
Suppose 5*i = -406 + 31. Let w(b) = -4*b**2 - 31*b - 2. Let g be w(-9). Let x = g - i. What is the greatest common divisor of 4 and x?
4
Let c(u) = -19*u**2 - u + 8. Let q be c(0). Let l(w) = w**3 - 4*w**2 - 30*w - 3. Let g be l(q). Let t = 77 + -25. What is the highest common factor of t and g?
13
Suppose 14 - 12 = 2*k. Calculate the highest common divisor of 13 and k.
1
Suppose 10 = c + 1. Let f(h) = 8*h - 16. Let q be f(c). Calculate the highest common divisor of q and 14.
14
Let v(j) = -j**3 + 19*j**2 + j - 7. Suppose -3*c + 2*t = 16 - 79, 5*c + 2*t = 89. Let q be v(c). Calculate the highest common divisor of q and 12.
12
Let b be (-2 - (-200 + -2))/1. Let r be -150*(72/9)/(-24). What is the greatest common factor of r and b?
50
Suppose 0 = -r - 2*t + 1222, 4*r + 5*t = 9*r - 6170. What is the greatest common factor of r and 30?
30
Let w = 365 + -360. What is the highest common factor of 55 and w?
5
Let o(b) = b**3 - 24*b**2 + 63*b + 21. Let z be o(21). Calculate the greatest common factor of 217 and z.
7
Let o = -55 + 62. Suppose x = o*x - 6. What is the greatest common factor of x and 11?
1
Let b be 1/(-2)*2*1. Let m(v) = -15*v - 1. Let o be m(b). What is the greatest common factor of 21 and o?
7
Suppose 6 = 5*m - 4*t, 3*m + 5*t = 6*m - 14. Let i = m - -10. What is the highest common divisor of i and 8?
8
Suppose 0 = -2*y + 4*x + 292, 3*y - 4*x - 454 = -26. Let n be (-5 + 8)/((-6)/12) - -23. What is the greatest common divisor of n and y?
17
Suppose -9 = -3*v + 3*w, 4*v = -4*w + 434 - 430. Let s be 3/(-2*(-3)/32). What is the highest common factor of s and v?
2
Let q(r) = 2*r**3 + 39*r**2 - 20*r + 6. Let z be q(-20). Calculate the greatest common divisor of 201 and z.
3
Let j(k) = -15*k - 129. Let l be j(-12). Calculate the greatest common divisor of 51 and l.
51
Let z be ((-42)/5)/(9/(-30)). Suppose 0 = 3*x - 3, 3*t - x - 88 = -5*x. What is the highest common divisor of z and t?
28
Let q = 103 + -86. Suppose q*o - 10*o - 56 = 0. Suppose 0 = -3*l + l + 64. What is the highest common divisor of l and o?
8
Let q = -916 - -928. Suppose 2*t - 19 = -3*y, -23 = -3*y + 3*t - 4*t. Suppose -h = y - 57. What is the greatest common divisor of q and h?
12
Suppose 3*s = -3*m + m + 28, -72 = -4*m - 2*s. Let v = -19 + 12. Let u = 17 + v. Calculate the highest common divisor of m and u.
10
Suppose -5*l - 15 = -0*m - 2*m, -l - 3 = -5*m. Let g = 33 + l. What is the greatest common divisor of g and 15?
15
Suppose -5*q + q + 4 = 0, -4*q = 4*f - 184. Let n = f + -477. Let g be (6/9)/((-3)/n). What is the greatest common factor of 12 and g?
12
Let p(h) = -h + 2. Let q(s) = -s**2 - 18*s + 27. Let i(o) = 3*p(o) - q(o). Let l be i(-18). What is the greatest common factor of l and 66?
33
Suppose b = 17*x - 20*x + 37, 4*b + 32 = 3*x. Suppose 3*z + 33 - 321 = 0. What is the greatest common divisor of x and z?
12
Let x be (-105)/(-10)*144/28. Suppose -4*b - 40 - 500 = 0. Let c be b/10*(-8)/6. What is the greatest common divisor of x and c?
18
Suppose -42 = -4*n - 14. Suppose -n*i = -1893 + 199. Calculate the greatest common divisor of i and 22.
22
Let z(g) = -13*g + 35. Let j be z(-12). Let c = -103 + j. Calculate the highest common factor of 22 and c.
22
Suppose 3*c - 279 + 15 = 0. Let p = -28 + 40. Let m be 8/(p/(-3))*-4. What is the highest common factor of m and c?
8
Let w = 399 + -175. Calculate the highest common divisor of w and 7.
7
Suppose -5*o = 2*j + 20, 40 = -4*o + 4*j - 4. Let r(y) = y**2 + 3*y - 13. Let t be r(o). Let g = 30 - 5. What is the greatest common factor of t and g?
5
Let v = 47 - 30. Let z(a) = 2*a**2 + 7*a + 8. Let s be z(-6). Suppose -42 = -2*d + 4*c, 2*d + 8 = -2*c + s. What is the highest common factor of v and d?
17
Let y be (396/(-24))/((-2)/(-4)). Let l = 66 + y. Let k(s) = s**3 + 4*s**2 + 2*s - 1. Let t be k(-2). What is the greatest common factor of l and t?
3
Suppose 2*m = -5*d + 17, -2*m - 1 = -3. Suppose -4*a = -d*g - 25, 0*a + 3*g - 25 = -a. Calculate the greatest common divisor of 20 and a.
10
Let h(t) = -2*t**2 + 14*t - 6. Let m be h(7). Let y(u) = u**2 + 3*u - 17. Let q be y(m). Calculate the greatest common divisor of q and 7.
1
Let b(i) = 5*i - i - 2 + 2*i - 7. Let s be b(9). Let p = -11 - -41. What is the greatest common factor of p and s?
15
Let s be 4/(-10) + 51/15. Let a be (1 - (3 - s))/1. Suppose 2*u = 3 + a. What is the highest common factor of 16 and u?
2
Let r be (-1)/4 - -3*(-766)/24. Let b be -4 - 0 - r - 5. Calculate the highest common divisor of 29 and b.
29
Suppose 8*m = 3*r + 3*m + 4, -2*r + 4*m = 6. Let s = r - 4. Suppose -3*p + 0*t + s*t + 27 = 0, 2*p - 15 = 3*t. What is the greatest common divisor of p and 12?
12
Let w be 2 - -2*4/(-4). Suppose 4*t + d - 244 = w, d + 236 = 2*t + 2*t. Calculate the highest common divisor of 15 and t.
15
Let v = 31 - -5. Suppose 7*n = -v - 111. Let s = 37 + n. Calculate the highest common factor of 128 and s.
16
Let l(g) = 2*g. Let x be l(0). Let y be 2*(1 - x) + 17 + -6. Calculate the greatest common factor of y and 104.
13
Suppose -5*r = -5*i - 15, -5*i + 0*r = 2*r - 6. Suppose 4*y = -4*b - i*b + 32, 4*b = -3*y + 27. Calculate the highest common factor of 6 and b.
3
Let j(b) = -b**3 - 5*b**2 + b + 7. Let s be j(-5). Let r be 2/(-10) - (-333)/15. Calculate the greatest common factor of s and r.
2
Suppose -b + w = 1, 28 = 4*b + 5*w - 13. What is the greatest common divisor of b and 166?
2
Let j(v) = 2*v - 53. Let n be j(24). Let a be 22/3*-2*n*3. What is the highest common divisor of a and 20?
20
Let w be ((-28)/3)/(2/(-9)). Suppose -202 = -g - u - w, g - 2*u = 166. Let k be (-9)/(-2)*(8 - 4). What is the highest common divisor of g and k?
18
Let c be 2/(-3)*((-22)/4 + 1). Suppose -y - 3*l + 111 = 0, -204 = y - 3*y + c*l. Calculate the highest common divisor of 15 and y.
15
Suppose -5*q + 3*x = -4003, -1586 = -27*q + 25*q + 5*x. Calculate the greatest common factor of q and 11.
11
Let p be (-1 + 0)*-76 - 1. Let u = -1158 + 1183. Calculate the highest common divisor of u and p.
25
Suppose 4*v - 2*j = 141 + 233, -5*j + 15 = 0. Calculate the greatest common factor of v and 57.
19
Let b be 7/((-28)/10)*(-98)/5. What is the highest common factor of b and 392?
49
Suppose -8 = -5*x + 5*t + 32, -3*x - 5*t - 8 = 0. Suppose 5*s - x*w = 446, -3*w - 2*w - 175 = -2*s. What is the greatest common factor of 10 and s?
10
Let q be (0 - -2) + (-6)/(-6). Suppose -q*m - 10 + 166 = 0. Let h be (-2)/5 - m/(-5). What is the highest common factor of h and 5?
5
Suppose -4*t + w = -547, -3*w + 306 = 4*t - 229. What is the greatest common factor of 187 and t?
17
Let p be (24/(-5))/(22/(-55)). Suppose l + 0 = p. What is the highest common factor of 156 and l?
12
Let v(f) = 10*f**3 - f**2 - 2*f + 8. Let h be v(2). What is the greatest common factor of 560 and h?
80
Let l be (-300)/(-160) + (-2)/(-16) - -7. Let r be (-2)/l - 9982/(-207). Calculate the greatest common divisor of 72 and r.
24
Let n be -3 + 0 - -10*1. Let v be -1*(2/1 - n). Suppose v*u + 15 = -4*c + 149, 5*u + 5*c - 130 = 0. Calculate the greatest common divisor of 20 and u.
10
Suppose -2*c - 2*w + 14 + 14 = 0, -5*c = w - 54. Let s be c/(-55) + 1588/22. Calculate the highest common divisor of s and 9.
9
Let z = -733 - -1128. Let t = -181 + z. Suppose b = -f + t + 3, 0 = -b - 5*f + 205. What is the greatest common divisor of b and 22?
22
Let a(z) = z**2 + 8*z - 17. Suppose 4*q - 2*r + 50 = 0, -3*q - 30 = -2*q - 4*r. Let b be a(q). Calculate the highest common factor of b and 39.
3
Let y(k